{"id":301,"date":"2024-04-06T23:00:16","date_gmt":"2024-04-07T04:00:16","guid":{"rendered":"https:\/\/dinhquangtemple.com\/?page_id=301"},"modified":"2026-02-14T11:18:26","modified_gmt":"2026-02-14T17:18:26","slug":"honoring-our-ancestors","status":"publish","type":"page","link":"https:\/\/dinhquangtemple.com\/index.php\/honoring-our-ancestors\/","title":{"rendered":"Honoring our Ancestors"},"content":{"rendered":"\n<p>Honoring ancestors is a wonderful practice and an important part of our tradition. We recognize that our existence depends on the lives of others, and we are a continuation of those lives. We depend on so many others, including: atomically, for all the elements that make up the cosmos; genetically, for our biological ancestors; physically, for our caregivers; socially, for our community network; and spiritually, for our teachers. And our lives become the bridge for those who come after us. By honoring our ancestors, we also train ourselves to be diligent in caring about the world we create now and leave for our descendants, both biological and spiritual. <\/p>\n\n\n\n<figure class=\"wp-block-image aligncenter size-full is-resized\"><img loading=\"lazy\" decoding=\"async\" width=\"391\" height=\"396\" src=\"https:\/\/dinhquangtemple.com\/wp-content\/uploads\/2024\/04\/image-22.png\" alt=\"\" class=\"wp-image-307\" style=\"width:602px;height:auto\" srcset=\"https:\/\/dinhquangtemple.com\/wp-content\/uploads\/2024\/04\/image-22.png 391w, https:\/\/dinhquangtemple.com\/wp-content\/uploads\/2024\/04\/image-22-296x300.png 296w\" sizes=\"auto, (max-width: 391px) 100vw, 391px\" \/><\/figure>\n\n\n\n<p><\/p>\n\n\n\n<p class=\"has-medium-font-size\"><strong>NOURISHING THE ROOTS<\/strong><\/p>\n\n\n\n<p>Many of us have a complicated relationship with our ancestors. Hopefully, we have gratitude for some wonderful gifts we have inherited from them. But we have also inherited painful and, too often, harmful karmic patterns that live in and across generations. Our gratitude is mixed with suffering. <\/p>\n\n\n\n<p>Buddhist practice helps transform these relationships and memories, both where there is joy and where there is pain. We can bow in gratitude for the opportunity to be part of that healing, to be a place where those karmic formations can be resolved and transformed. We make room for both aspects: celebrating the wondrous gifts that support the skillful aspiration to cultivate wisdom and compassion, inclining to Awakening; and healing the wounds, opening a way for us to move forward with greater peace, joy, and meaning.<\/p>\n\n\n\n<p>So, we bow to our ancestors, both biological and spiritual, honoring them with simple gifts of incense, candles, flowers, fruit, and tea. These simple acts reconnect us with the aspiration and a deep motivation to practice. We realize that we could not exist without them, and we gratefully vow to make this life a place where all that is skillful, wholesome, and wise can thrive, and all that is unskillful, unwholesome, and harmful can heal. Our temple shrines are an embodiment of this aspiration. <br><\/p>\n\n\n\n<p class=\"has-medium-font-size\"><strong>The Ancestor\u2019s Shrine<\/strong><\/p>\n\n\n\n<figure class=\"wp-block-image aligncenter size-full is-resized\"><img loading=\"lazy\" decoding=\"async\" width=\"948\" height=\"956\" src=\"https:\/\/dinhquangtemple.com\/wp-content\/uploads\/2024\/04\/image-17.png\" alt=\"\" class=\"wp-image-302\" style=\"width:505px;height:auto\" srcset=\"https:\/\/dinhquangtemple.com\/wp-content\/uploads\/2024\/04\/image-17.png 948w, https:\/\/dinhquangtemple.com\/wp-content\/uploads\/2024\/04\/image-17-297x300.png 297w, https:\/\/dinhquangtemple.com\/wp-content\/uploads\/2024\/04\/image-17-150x150.png 150w, https:\/\/dinhquangtemple.com\/wp-content\/uploads\/2024\/04\/image-17-768x774.png 768w, https:\/\/dinhquangtemple.com\/wp-content\/uploads\/2024\/04\/image-17-848x855.png 848w\" sizes=\"auto, (max-width: 948px) 100vw, 948px\" \/><\/figure>\n\n\n\n<p>In the west of the shrine hall is the Ancestor\u2019s Shrine, featuring photographs of deceased members and loved ones of our local temple community. At death, a memorial is held every week for seven weeks, with further memorials at regular intervals, such as 100 days and the one-year anniversary of death. Rituals are also offered during holidays.<\/p>\n\n\n\n<p>This is an expression of our interdependence: we understand that we are the continuation of our ancestors. We have all inherited and learned from our parents and ancestors, with some qualities and habits leading to wellbeing, and others leading to suffering. Understanding this, we aspire to practice out of gratitude for this life in which we have heard the Buddha\u2019s teachings, and for the healing of ourselves and all our ancestors.\u2003<\/p>\n\n\n\n<p><em>An English language version of a <strong>Ritual for Honoring the Ancestors <\/strong>is available as a pdf <a href=\"https:\/\/dinhquangtemple.com\/wp-content\/uploads\/2026\/02\/2026-01-Ancestor-Service-English-v3.pdf\">HERE<\/a>. A pdf that includes explanations of the service is <a href=\"https:\/\/dinhquangtemple.com\/wp-content\/uploads\/2026\/02\/2026-01-Ancestor-Service-English-v3-COMPANION.pdf\">HERE<\/a>. <\/em><\/p>\n\n\n\n<p class=\"has-medium-font-size\"><br><strong>The Teacher\u2019s Shrine<\/strong><\/p>\n\n\n\n<figure class=\"wp-block-image aligncenter size-full is-resized\"><img loading=\"lazy\" decoding=\"async\" width=\"948\" height=\"894\" src=\"https:\/\/dinhquangtemple.com\/wp-content\/uploads\/2024\/04\/image-18.png\" alt=\"\" class=\"wp-image-303\" style=\"width:518px;height:auto\" srcset=\"https:\/\/dinhquangtemple.com\/wp-content\/uploads\/2024\/04\/image-18.png 948w, https:\/\/dinhquangtemple.com\/wp-content\/uploads\/2024\/04\/image-18-300x283.png 300w, https:\/\/dinhquangtemple.com\/wp-content\/uploads\/2024\/04\/image-18-768x724.png 768w, https:\/\/dinhquangtemple.com\/wp-content\/uploads\/2024\/04\/image-18-907x855.png 907w\" sizes=\"auto, (max-width: 948px) 100vw, 948px\" \/><\/figure>\n\n\n\n<p>In the east of the shrine hall is the Teacher\u2019s Shrine, which features the photos of teachers in our temple\u2019s lineage who have passed away. Honoring teachers is an essential part of Buddhist practice, remembering that they have made the Dharma available to us and committing to practice skillfully in gratitude for this gift.<\/p>\n\n\n\n<figure class=\"wp-block-image aligncenter size-full is-resized\"><img loading=\"lazy\" decoding=\"async\" width=\"946\" height=\"944\" src=\"https:\/\/dinhquangtemple.com\/wp-content\/uploads\/2024\/04\/image-26.png\" alt=\"\" class=\"wp-image-311\" style=\"width:487px;height:auto\" srcset=\"https:\/\/dinhquangtemple.com\/wp-content\/uploads\/2024\/04\/image-26.png 946w, https:\/\/dinhquangtemple.com\/wp-content\/uploads\/2024\/04\/image-26-300x300.png 300w, https:\/\/dinhquangtemple.com\/wp-content\/uploads\/2024\/04\/image-26-150x150.png 150w, https:\/\/dinhquangtemple.com\/wp-content\/uploads\/2024\/04\/image-26-768x766.png 768w, https:\/\/dinhquangtemple.com\/wp-content\/uploads\/2024\/04\/image-26-857x855.png 857w\" sizes=\"auto, (max-width: 946px) 100vw, 946px\" \/><\/figure>\n\n\n\n<p>Our teachers and community are a continuation of this generosity, dedicated to cultivating a place in southwest Missouri where we can:<br>\u2022 hear the Dharma,<br>\u2022 build community devoted to practicing the Buddha\u2019s teachings, and<br>\u2022 learn to embody compassion and wisdom.<\/p>\n\n\n\n<p>As Venerable Thay teaches us, \u201cWith the desire for Buddhism to become brighter and more widespread, we aspire to build a place dedicated to cultivating and nurturing the spiritual life, forming a temple in the hearts of each one of us.\u201c This wonderful aspiration arises out of our history and is embodied in the temples that share this lineage. <\/p>\n\n\n\n<p class=\"has-medium-font-size\"><br><strong>Zen<\/strong>&#8216;s Arrival in<strong> Vietnam<\/strong><\/p>\n\n\n\n<figure class=\"wp-block-image aligncenter size-large is-resized\"><img loading=\"lazy\" decoding=\"async\" width=\"1024\" height=\"663\" src=\"https:\/\/dinhquangtemple.com\/wp-content\/uploads\/2024\/04\/image-24-1024x663.png\" alt=\"https:\/\/commons.wikimedia.org\/wiki\/File:Mahakasyapa_smiling_at_the_lotus_flower.jpg \" class=\"wp-image-309\" style=\"width:616px;height:auto\" srcset=\"https:\/\/dinhquangtemple.com\/wp-content\/uploads\/2024\/04\/image-24-1024x663.png 1024w, https:\/\/dinhquangtemple.com\/wp-content\/uploads\/2024\/04\/image-24-300x194.png 300w, https:\/\/dinhquangtemple.com\/wp-content\/uploads\/2024\/04\/image-24-768x497.png 768w, https:\/\/dinhquangtemple.com\/wp-content\/uploads\/2024\/04\/image-24-1140x738.png 1140w, https:\/\/dinhquangtemple.com\/wp-content\/uploads\/2024\/04\/image-24.png 1179w\" sizes=\"auto, (max-width: 1024px) 100vw, 1024px\" \/><\/figure>\n\n\n\n<p>Zen marks its beginning with the &#8220;Flower Sermon,&#8221; when, instead of saying a single word, the Buddha simply held a flower up for all to see. Insight blossomed in Mah\u0101k\u0101\u015byapa, and he smiled. The Buddha recognized the smile as the direct transmission of the Dharma, a direct experience that cannot be contained in words. From this beginning, the practice of Zen has been handed down from master to master, across geographies, times, cultures, and languages. Over time, many branches have grown from this strong beginning. For example, Bodhidharma introduced the practice to China in the 5th century, where it became known as Chan and flourished. During the Tang dynasty, five houses were established, the Guiyang, Linji (L\u00e2m T\u1ebf), Caodong, Yunmen, and Fayan schools. These became the basis for almost all Zen lineages today. <br><br>Chan practice spread from China to Vietnam and became known as Thi\u1ec1n. Traditional accounts mark the arrival of Vin\u012btaruci in 580 CE&nbsp;as especially important. This Indian monk was the disciple of Sengcan, the third Chan Patriarch. Thi\u1ec1n practice continued to thrive and grow through the centuries. This eventually led to the formation of the L\u00e2m T\u1ebf (Ling or Linji School) during the 17th century, when Zen Master&nbsp;Nguyen Thieu&nbsp;was sent to China to invite monastics and bring Buddhist scriptures and Dharma objects back to Vietnam. One of the monastics that received this invitation was Minh Hai Phap Bao. <\/p>\n\n\n\n<p class=\"has-medium-font-size\">\u2003<br><strong>Our Lineage Master<\/strong><\/p>\n\n\n\n<figure class=\"wp-block-image aligncenter size-full is-resized\"><img loading=\"lazy\" decoding=\"async\" width=\"332\" height=\"613\" src=\"https:\/\/dinhquangtemple.com\/wp-content\/uploads\/2024\/04\/image-21.png\" alt=\"Image by Nh\u1eadt Nguy\u1ec7t, shared under the Creative Commons Attribution-Share Alike 4.0 International license. Available at:  https:\/\/en.m.wikipedia.org\/wiki\/File:Thi%E1%BB%81n_s%C6%B0_Minh_H%E1%BA%A3i_-_Ph%C3%A1p_B%E1%BA%A3o.jpg\" class=\"wp-image-306\" style=\"width:289px;height:auto\" srcset=\"https:\/\/dinhquangtemple.com\/wp-content\/uploads\/2024\/04\/image-21.png 332w, https:\/\/dinhquangtemple.com\/wp-content\/uploads\/2024\/04\/image-21-162x300.png 162w\" sizes=\"auto, (max-width: 332px) 100vw, 332px\" \/><\/figure>\n\n\n\n<p class=\"has-text-align-center is-style-default\" style=\"font-size:11px\">Image by Nh\u1eadt Nguy\u1ec7t, <a href=\"https:\/\/en.m.wikipedia.org\/wiki\/File:Thi%E1%BB%81n_s%C6%B0_Minh_H%E1%BA%A3i_-_Ph%C3%A1p_B%E1%BA%A3o.jpg\">shared under the CCA-Share Alike 4.0 International license<\/a>. <\/p>\n\n\n\n<p>Zen master Minh Hai Phap Bao (Great Master Dac Tri) is our lineage master and played an important role in the history of Vietnamese Buddhism. Born in 1670, he was of the 34th generation of the Lam Te sect in China and is recognized as the founder of the Lam Te Chuc Thanh sect. This included the establishment of the oldest Buddhist temple in Hoi An, Chuc Thanh temple. <br><br>Master Minh Hai Phap Bao began by diligently practicing at a simple hermitage in Hoi An. Over time, both his skillful practice and teaching became well known, with more and more practitioners coming to listen to him share the Dharma. When the time was right, he began to officially receive students and ordain practitioners into the monastic sangha. He faithfully practiced the Dharma in this way for nearly fify years, until he was 77 years old. At his death, he offered his disciples a blessing in verse:<\/p>\n\n\n\n<p class=\"has-text-align-center\">Ph\u00e1p gi\u1edbi nh\u01b0 m\u00e2y n\u1ed5i<br>Ch\u00e2n nh\u01b0 kh\u00f4ng t\u00e1nh t\u01b0\u1edbng<br>N\u1ebfu hi\u1ec3u \u0111\u01b0\u1ee3c nh\u01b0 v\u1eady<br>Ch\u00fang sanh v\u1edbi Ph\u1eadt \u0111\u1ed3ng<\/p>\n\n\n\n<p class=\"has-text-align-center\">(The dharma world is like floating clouds;<br>Suchness has no nature.<br>If you understand this,<br>Living beings are with Buddha.)<\/p>\n\n\n\n<p class=\"has-medium-font-size\"><strong>The Midwest Sangha<\/strong><\/p>\n\n\n\n<figure class=\"wp-block-image aligncenter size-large is-resized\"><img loading=\"lazy\" decoding=\"async\" width=\"1024\" height=\"609\" src=\"https:\/\/dinhquangtemple.com\/wp-content\/uploads\/2024\/04\/image-20-1024x609.png\" alt=\"\" class=\"wp-image-305\" style=\"width:649px;height:auto\" srcset=\"https:\/\/dinhquangtemple.com\/wp-content\/uploads\/2024\/04\/image-20-1024x609.png 1024w, https:\/\/dinhquangtemple.com\/wp-content\/uploads\/2024\/04\/image-20-300x178.png 300w, https:\/\/dinhquangtemple.com\/wp-content\/uploads\/2024\/04\/image-20-768x457.png 768w, https:\/\/dinhquangtemple.com\/wp-content\/uploads\/2024\/04\/image-20-1140x678.png 1140w, https:\/\/dinhquangtemple.com\/wp-content\/uploads\/2024\/04\/image-20.png 1224w\" sizes=\"auto, (max-width: 1024px) 100vw, 1024px\" \/><\/figure>\n\n\n\n<p>We acknowledge this lineage with great gratitude and celebrate how the practice has developed and flourished, despite many difficult circumstances along the way. Today, Dinh Quang Temple is a member of the Midwest Sangha of Vietnamese Buddhist Temples that share this lineage, with communities in twelve states from Texas to Michigan. <\/p>\n\n\n\n<figure class=\"wp-block-image aligncenter size-full is-resized\"><img loading=\"lazy\" decoding=\"async\" width=\"520\" height=\"828\" src=\"https:\/\/dinhquangtemple.com\/wp-content\/uploads\/2024\/04\/image-25.png\" alt=\"\" class=\"wp-image-310\" style=\"width:329px;height:auto\" srcset=\"https:\/\/dinhquangtemple.com\/wp-content\/uploads\/2024\/04\/image-25.png 520w, https:\/\/dinhquangtemple.com\/wp-content\/uploads\/2024\/04\/image-25-188x300.png 188w\" sizes=\"auto, (max-width: 520px) 100vw, 520px\" \/><\/figure>\n\n\n\n<p>Our abbot, the Ven. Thich Thong Chanh, is of the 43rd generation of the L\u00e2m T\u1ebf (Linji) lineage of Vietnamese Thi\u1ec1n. <br><br>All of this comes to us as a beautiful reminder of why it is important to nourish our roots, honoring both our biological and spiritual ancestors. May the cultivation of this practice lead to the end of every kind of suffering! <\/p>\n\n\n\n<p class=\"has-text-align-center\"><strong>Namo A Di Da Phat<\/strong><\/p>\n","protected":false},"excerpt":{"rendered":"<p>Honoring ancestors is a wonderful practice and an important part of our tradition. We recognize that our existence depends on the lives of others, and we are a continuation of<span class=\"more-dots\">&#8230;<\/span><\/p>\n","protected":false},"author":4,"featured_media":0,"parent":0,"menu_order":0,"comment_status":"closed","ping_status":"closed","template":"","meta":{"footnotes":""},"class_list":["post-301","page","type-page","status-publish","hentry","no-post-thumbnail"],"_links":{"self":[{"href":"https:\/\/dinhquangtemple.com\/index.php\/wp-json\/wp\/v2\/pages\/301","targetHints":{"allow":["GET"]}}],"collection":[{"href":"https:\/\/dinhquangtemple.com\/index.php\/wp-json\/wp\/v2\/pages"}],"about":[{"href":"https:\/\/dinhquangtemple.com\/index.php\/wp-json\/wp\/v2\/types\/page"}],"author":[{"embeddable":true,"href":"https:\/\/dinhquangtemple.com\/index.php\/wp-json\/wp\/v2\/users\/4"}],"replies":[{"embeddable":true,"href":"https:\/\/dinhquangtemple.com\/index.php\/wp-json\/wp\/v2\/comments?post=301"}],"version-history":[{"count":3,"href":"https:\/\/dinhquangtemple.com\/index.php\/wp-json\/wp\/v2\/pages\/301\/revisions"}],"predecessor-version":[{"id":859,"href":"https:\/\/dinhquangtemple.com\/index.php\/wp-json\/wp\/v2\/pages\/301\/revisions\/859"}],"wp:attachment":[{"href":"https:\/\/dinhquangtemple.com\/index.php\/wp-json\/wp\/v2\/media?parent=301"}],"curies":[{"name":"wp","href":"https:\/\/api.w.org\/{rel}","templated":true}]}}